{"id":100,"date":"2023-02-19T00:28:28","date_gmt":"2023-02-18T23:28:28","guid":{"rendered":"https:\/\/ie.uek.krakow.pl\/ke\/?page_id=100"},"modified":"2024-06-06T09:16:53","modified_gmt":"2024-06-06T07:16:53","slug":"aktualnosci","status":"publish","type":"page","link":"https:\/\/ip2.uek.krakow.pl\/kpnpp\/aktualnosci\/","title":{"rendered":"Aktualno\u015bci"},"content":{"rendered":"\t\t<div data-elementor-type=\"wp-page\" data-elementor-id=\"100\" class=\"elementor elementor-100\" data-elementor-post-type=\"page\">\n\t\t\t\t\t\t<section data-particle_enable=\"false\" data-particle-mobile-disabled=\"false\" class=\"elementor-section elementor-top-section elementor-element elementor-element-b1422da elementor-section-boxed elementor-section-height-default elementor-section-height-default\" data-id=\"b1422da\" data-element_type=\"section\" data-e-type=\"section\" data-settings=\"{&quot;jet_parallax_layout_list&quot;:[]}\">\n\t\t\t\t\t\t<div class=\"elementor-container elementor-column-gap-default\">\n\t\t\t\t\t<div class=\"elementor-column elementor-col-100 elementor-top-column elementor-element elementor-element-40ed5763\" data-id=\"40ed5763\" data-element_type=\"column\" data-e-type=\"column\">\n\t\t\t<div class=\"elementor-widget-wrap elementor-element-populated\">\n\t\t\t\t\t\t<div class=\"elementor-element elementor-element-15bbf765 elementor-grid-tablet_extra-eael-col-4 elementor-grid-eael-col-3 elementor-grid-tablet-eael-col-2 elementor-grid-mobile-eael-col-1 elementor-widget elementor-widget-eael-post-grid\" data-id=\"15bbf765\" data-element_type=\"widget\" data-e-type=\"widget\" data-settings=\"{&quot;eael_post_grid_columns_tablet_extra&quot;:&quot;eael-col-4&quot;,&quot;eael_post_grid_columns&quot;:&quot;eael-col-3&quot;,&quot;eael_post_grid_columns_tablet&quot;:&quot;eael-col-2&quot;,&quot;eael_post_grid_columns_mobile&quot;:&quot;eael-col-1&quot;}\" data-widget_type=\"eael-post-grid.default\">\n\t\t\t\t<div class=\"elementor-widget-container\">\n\t\t\t\t\t<div id=\"eael-post-grid-15bbf765\" class=\"eael-post-grid-container\">\n            <div class=\"eael-post-grid eael-post-appender eael-post-appender-15bbf765 eael-post-grid-style-one\" data-layout-mode=\"grid\"><article class=\"eael-grid-post  eael-post-grid-column eael-pg-post-1757 category-aktualnosci\" data-id=\"1757\">\n        <div class=\"eael-grid-post-holder\">\n            <div class=\"eael-grid-post-holder-inner\"><div class=\"eael-entry-wrapper\"><header class=\"eael-entry-header\"><h2 class=\"eael-entry-title\"><a class=\"eael-grid-post-link\" href=\"https:\/\/ip2.uek.krakow.pl\/kpnpp\/2024\/11\/17\/prawo-rzeczowe-z-testami-online-podrecznik-pod-redakcja-pracownikow-katedry\/\" title=\"Prawo rzeczowe z testami online &#8211; podr\u0119cznik pod redakcj\u0105 pracownik\u00f3w Katedry\">Prawo rzeczowe z testami online &#8211; podr\u0119cznik pod redakcj\u0105 pracownik\u00f3w Katedry<\/a><\/h2><\/header><div class=\"eael-entry-header-after\"><div class=\"eael-entry-meta\"><span class=\"eael-posted-on\"><time datetime=\"2024-11-17\">2024-11-17<\/time><\/span><\/div><\/div><div class=\"eael-entry-content\">\n                        <div class=\"eael-grid-post-excerpt\"><a href=\"https:\/\/ip2.uek.krakow.pl\/kpnpp\/2024\/11\/17\/prawo-rzeczowe-z-testami-online-podrecznik-pod-redakcja-pracownikow-katedry\/\" class=\"eael-post-elements-readmore-btn\">Czytaj wi\u0119cej  \u2013&gt;<\/a><\/div>\n                    <\/div><\/div><\/div>\n        <\/div>\n    <\/article><article class=\"eael-grid-post  eael-post-grid-column eael-pg-post-1326 category-aktualnosci\" data-id=\"1326\">\n        <div class=\"eael-grid-post-holder\">\n            <div class=\"eael-grid-post-holder-inner\"><div class=\"eael-entry-wrapper\"><header class=\"eael-entry-header\"><h2 class=\"eael-entry-title\"><a class=\"eael-grid-post-link\" href=\"https:\/\/ip2.uek.krakow.pl\/kpnpp\/2022\/04\/13\/wyklad-dr-anna-karabowicz-katedra-prawa-prywatnego-uniwersytet-pablo-de-olavide-w-sewilli\/\" title=\"Wyk\u0142ad dr Anna Karabowicz, Katedra Prawa Prywatnego, Uniwersytet Pablo de Olavide w Sewilli\">Wyk\u0142ad dr Anna Karabowicz, Katedra Prawa Prywatnego, Uniwersytet Pablo de Olavide w Sewilli<\/a><\/h2><\/header><div class=\"eael-entry-header-after\"><div class=\"eael-entry-meta\"><span class=\"eael-posted-on\"><time datetime=\"2022-04-13\">2022-04-13<\/time><\/span><\/div><\/div><div class=\"eael-entry-content\">\n                        <div class=\"eael-grid-post-excerpt\"><a href=\"https:\/\/ip2.uek.krakow.pl\/kpnpp\/2022\/04\/13\/wyklad-dr-anna-karabowicz-katedra-prawa-prywatnego-uniwersytet-pablo-de-olavide-w-sewilli\/\" class=\"eael-post-elements-readmore-btn\">Czytaj wi\u0119cej  \u2013&gt;<\/a><\/div>\n                    <\/div><\/div><\/div>\n        <\/div>\n    <\/article><article class=\"eael-grid-post  eael-post-grid-column eael-pg-post-1327 category-aktualnosci\" data-id=\"1327\">\n        <div class=\"eael-grid-post-holder\">\n            <div class=\"eael-grid-post-holder-inner\"><div class=\"eael-entry-wrapper\"><header class=\"eael-entry-header\"><h2 class=\"eael-entry-title\"><a class=\"eael-grid-post-link\" href=\"https:\/\/ip2.uek.krakow.pl\/kpnpp\/2021\/11\/03\/wyklad-prof-wibrena-van-der-burga-z-erasmus-universiteit-rotterdam-law-in-context-research-methodological-reflections\/\" title=\"Wyk\u0142ad prof. Wibrena van der Burga z Erasmus Universiteit Rotterdam \u201e Law in Context research: Methodological Reflections\u201d\">Wyk\u0142ad prof. Wibrena van der Burga z Erasmus Universiteit Rotterdam \u201e Law in Context research: Methodological Reflections\u201d<\/a><\/h2><\/header><div class=\"eael-entry-header-after\"><div class=\"eael-entry-meta\"><span class=\"eael-posted-on\"><time datetime=\"2021-11-03\">2021-11-03<\/time><\/span><\/div><\/div><div class=\"eael-entry-content\">\n                        <div class=\"eael-grid-post-excerpt\"><a href=\"https:\/\/ip2.uek.krakow.pl\/kpnpp\/2021\/11\/03\/wyklad-prof-wibrena-van-der-burga-z-erasmus-universiteit-rotterdam-law-in-context-research-methodological-reflections\/\" class=\"eael-post-elements-readmore-btn\">Czytaj wi\u0119cej  \u2013&gt;<\/a><\/div>\n                    <\/div><\/div><\/div>\n        <\/div>\n    <\/article><article class=\"eael-grid-post  eael-post-grid-column eael-pg-post-1328 category-aktualnosci\" data-id=\"1328\">\n        <div class=\"eael-grid-post-holder\">\n            <div class=\"eael-grid-post-holder-inner\"><div class=\"eael-entry-wrapper\"><header class=\"eael-entry-header\"><h2 class=\"eael-entry-title\"><a class=\"eael-grid-post-link\" href=\"https:\/\/ip2.uek.krakow.pl\/kpnpp\/2021\/10\/21\/absolwentki-kierunku-prawo-laureatkami-ogolnopolskiego-konkursu-na-najlepsza-prace-magisterska-z-zakresu-prawa-podatkowego\/\" title=\"Absolwentki Kierunku Prawo Laureatkami Og\u00f3lnopolskiego Konkursu na Najlepsz\u0105 Prac\u0119 Magistersk\u0105 z Zakresu Prawa Podatkowego\">Absolwentki Kierunku Prawo Laureatkami Og\u00f3lnopolskiego Konkursu na Najlepsz\u0105 Prac\u0119 Magistersk\u0105 z Zakresu Prawa Podatkowego<\/a><\/h2><\/header><div class=\"eael-entry-header-after\"><div class=\"eael-entry-meta\"><span class=\"eael-posted-on\"><time datetime=\"2021-10-21\">2021-10-21<\/time><\/span><\/div><\/div><div class=\"eael-entry-content\">\n                        <div class=\"eael-grid-post-excerpt\"><a href=\"https:\/\/ip2.uek.krakow.pl\/kpnpp\/2021\/10\/21\/absolwentki-kierunku-prawo-laureatkami-ogolnopolskiego-konkursu-na-najlepsza-prace-magisterska-z-zakresu-prawa-podatkowego\/\" class=\"eael-post-elements-readmore-btn\">Czytaj wi\u0119cej  \u2013&gt;<\/a><\/div>\n                    <\/div><\/div><\/div>\n        <\/div>\n    <\/article><article class=\"eael-grid-post  eael-post-grid-column eael-pg-post-1323 category-aktualnosci\" data-id=\"1323\">\n        <div class=\"eael-grid-post-holder\">\n            <div class=\"eael-grid-post-holder-inner\"><div class=\"eael-entry-wrapper\"><header class=\"eael-entry-header\"><h2 class=\"eael-entry-title\"><a class=\"eael-grid-post-link\" href=\"https:\/\/ip2.uek.krakow.pl\/kpnpp\/2021\/10\/20\/toposy\/\" title=\"Toposy\">Toposy<\/a><\/h2><\/header><div class=\"eael-entry-header-after\"><div class=\"eael-entry-meta\"><span class=\"eael-posted-on\"><time datetime=\"2021-10-20\">2021-10-20<\/time><\/span><\/div><\/div><div class=\"eael-entry-content\">\n                        <div class=\"eael-grid-post-excerpt\"><a href=\"https:\/\/ip2.uek.krakow.pl\/kpnpp\/2021\/10\/20\/toposy\/\" class=\"eael-post-elements-readmore-btn\">Czytaj wi\u0119cej  \u2013&gt;<\/a><\/div>\n                    <\/div><\/div><\/div>\n        <\/div>\n    <\/article><article class=\"eael-grid-post  eael-post-grid-column eael-pg-post-1322 category-aktualnosci\" data-id=\"1322\">\n        <div class=\"eael-grid-post-holder\">\n            <div class=\"eael-grid-post-holder-inner\"><div class=\"eael-entry-wrapper\"><header class=\"eael-entry-header\"><h2 class=\"eael-entry-title\"><a class=\"eael-grid-post-link\" href=\"https:\/\/ip2.uek.krakow.pl\/kpnpp\/2021\/08\/03\/ogloszenie-o-prace\/\" title=\"Og\u0142oszenie o prac\u0119\">Og\u0142oszenie o prac\u0119<\/a><\/h2><\/header><div class=\"eael-entry-header-after\"><div class=\"eael-entry-meta\"><span class=\"eael-posted-on\"><time datetime=\"2021-08-03\">2021-08-03<\/time><\/span><\/div><\/div><div class=\"eael-entry-content\">\n                        <div class=\"eael-grid-post-excerpt\"><a href=\"https:\/\/ip2.uek.krakow.pl\/kpnpp\/2021\/08\/03\/ogloszenie-o-prace\/\" class=\"eael-post-elements-readmore-btn\">Czytaj wi\u0119cej  \u2013&gt;<\/a><\/div>\n                    <\/div><\/div><\/div>\n        <\/div>\n    <\/article><article class=\"eael-grid-post  eael-post-grid-column eael-pg-post-1321 category-aktualnosci\" data-id=\"1321\">\n        <div class=\"eael-grid-post-holder\">\n            <div class=\"eael-grid-post-holder-inner\"><div class=\"eael-entry-wrapper\"><header class=\"eael-entry-header\"><h2 class=\"eael-entry-title\"><a class=\"eael-grid-post-link\" href=\"https:\/\/ip2.uek.krakow.pl\/kpnpp\/2021\/07\/21\/katedra-prawa-nieruchomosci-i-prawa-podatkowego-uniwersytetu-ekonomicznego-w-krakowie-zaprasza-na-studia-podyplomowe-pt-prawo-deweloperskie-i-lokalowe\/\" title=\"Katedra Prawa Nieruchomo\u015bci i Prawa Podatkowego Uniwersytetu Ekonomicznego w Krakowie  zaprasza na studia podyplomowe pt.: \u201ePrawo deweloperskie i lokalowe\u201d\">Katedra Prawa Nieruchomo\u015bci i Prawa Podatkowego Uniwersytetu Ekonomicznego w Krakowie  zaprasza na studia podyplomowe pt.: \u201ePrawo deweloperskie i lokalowe\u201d<\/a><\/h2><\/header><div class=\"eael-entry-header-after\"><div class=\"eael-entry-meta\"><span class=\"eael-posted-on\"><time datetime=\"2021-07-21\">2021-07-21<\/time><\/span><\/div><\/div><div class=\"eael-entry-content\">\n                        <div class=\"eael-grid-post-excerpt\"><a href=\"https:\/\/ip2.uek.krakow.pl\/kpnpp\/2021\/07\/21\/katedra-prawa-nieruchomosci-i-prawa-podatkowego-uniwersytetu-ekonomicznego-w-krakowie-zaprasza-na-studia-podyplomowe-pt-prawo-deweloperskie-i-lokalowe\/\" class=\"eael-post-elements-readmore-btn\">Czytaj wi\u0119cej  \u2013&gt;<\/a><\/div>\n                    <\/div><\/div><\/div>\n        <\/div>\n    <\/article><article class=\"eael-grid-post  eael-post-grid-column eael-pg-post-1320 category-aktualnosci\" data-id=\"1320\">\n        <div class=\"eael-grid-post-holder\">\n            <div class=\"eael-grid-post-holder-inner\"><div class=\"eael-entry-wrapper\"><header class=\"eael-entry-header\"><h2 class=\"eael-entry-title\"><a class=\"eael-grid-post-link\" href=\"https:\/\/ip2.uek.krakow.pl\/kpnpp\/2021\/06\/27\/ogolnopolska-konferencja-naukowa-prawa-nieruchomosci-pt-ustawa-o-wlasnosci-lokali-stan-de-lege-lata-i-postulaty-de-lege-ferenda\/\" title=\"Og\u00f3lnopolska Konferencja Naukowa Prawa Nieruchomo\u015bci pt. \u201eUstawa o w\u0142asno\u015bci lokali \u2013 stan de lege lata i postulaty de lege ferenda\u201d\">Og\u00f3lnopolska Konferencja Naukowa Prawa Nieruchomo\u015bci pt. \u201eUstawa o w\u0142asno\u015bci lokali \u2013 stan de lege lata i postulaty de lege ferenda\u201d<\/a><\/h2><\/header><div class=\"eael-entry-header-after\"><div class=\"eael-entry-meta\"><span class=\"eael-posted-on\"><time datetime=\"2021-06-27\">2021-06-27<\/time><\/span><\/div><\/div><div class=\"eael-entry-content\">\n                        <div class=\"eael-grid-post-excerpt\"><a href=\"https:\/\/ip2.uek.krakow.pl\/kpnpp\/2021\/06\/27\/ogolnopolska-konferencja-naukowa-prawa-nieruchomosci-pt-ustawa-o-wlasnosci-lokali-stan-de-lege-lata-i-postulaty-de-lege-ferenda\/\" class=\"eael-post-elements-readmore-btn\">Czytaj wi\u0119cej  \u2013&gt;<\/a><\/div>\n                    <\/div><\/div><\/div>\n        <\/div>\n    <\/article><article class=\"eael-grid-post  eael-post-grid-column eael-pg-post-1325 category-aktualnosci\" data-id=\"1325\">\n        <div class=\"eael-grid-post-holder\">\n            <div class=\"eael-grid-post-holder-inner\"><div class=\"eael-entry-wrapper\"><header class=\"eael-entry-header\"><h2 class=\"eael-entry-title\"><a class=\"eael-grid-post-link\" href=\"https:\/\/ip2.uek.krakow.pl\/kpnpp\/2021\/06\/02\/wygrana-katedry-w-konkursie-studenci-uek-zwierzakom-2021-r\/\" title=\"Wygrana Katedry w konkursie &#8222;Studenci UEK Zwierzakom 2021 r.&#8221;\">Wygrana Katedry w konkursie &#8222;Studenci UEK Zwierzakom 2021 r.&#8221;<\/a><\/h2><\/header><div class=\"eael-entry-header-after\"><div class=\"eael-entry-meta\"><span class=\"eael-posted-on\"><time datetime=\"2021-06-02\">2021-06-02<\/time><\/span><\/div><\/div><div class=\"eael-entry-content\">\n                        <div class=\"eael-grid-post-excerpt\"><a href=\"https:\/\/ip2.uek.krakow.pl\/kpnpp\/2021\/06\/02\/wygrana-katedry-w-konkursie-studenci-uek-zwierzakom-2021-r\/\" class=\"eael-post-elements-readmore-btn\">Czytaj wi\u0119cej  \u2013&gt;<\/a><\/div>\n                    <\/div><\/div><\/div>\n        <\/div>\n    <\/article><article class=\"eael-grid-post  eael-post-grid-column eael-pg-post-1319 category-aktualnosci\" data-id=\"1319\">\n        <div class=\"eael-grid-post-holder\">\n            <div class=\"eael-grid-post-holder-inner\"><div class=\"eael-entry-wrapper\"><header class=\"eael-entry-header\"><h2 class=\"eael-entry-title\"><a class=\"eael-grid-post-link\" href=\"https:\/\/ip2.uek.krakow.pl\/kpnpp\/2021\/04\/27\/kolo-naukowe-prawa-podatkowego-uek\/\" title=\"Ko\u0142o Naukowe Prawa Podatkowego UEK\">Ko\u0142o Naukowe Prawa Podatkowego UEK<\/a><\/h2><\/header><div class=\"eael-entry-header-after\"><div class=\"eael-entry-meta\"><span class=\"eael-posted-on\"><time datetime=\"2021-04-27\">2021-04-27<\/time><\/span><\/div><\/div><div class=\"eael-entry-content\">\n                        <div class=\"eael-grid-post-excerpt\"><a href=\"https:\/\/ip2.uek.krakow.pl\/kpnpp\/2021\/04\/27\/kolo-naukowe-prawa-podatkowego-uek\/\" class=\"eael-post-elements-readmore-btn\">Czytaj wi\u0119cej  \u2013&gt;<\/a><\/div>\n                    <\/div><\/div><\/div>\n        <\/div>\n    <\/article><article class=\"eael-grid-post  eael-post-grid-column eael-pg-post-1318 category-aktualnosci\" data-id=\"1318\">\n        <div class=\"eael-grid-post-holder\">\n            <div class=\"eael-grid-post-holder-inner\"><div class=\"eael-entry-wrapper\"><header class=\"eael-entry-header\"><h2 class=\"eael-entry-title\"><a class=\"eael-grid-post-link\" href=\"https:\/\/ip2.uek.krakow.pl\/kpnpp\/2021\/02\/03\/rondo-carla-mengera-w-nowym-saczu\/\" title=\"Rondo Carla Mengera w Nowym S\u0105czu\">Rondo Carla Mengera w Nowym S\u0105czu<\/a><\/h2><\/header><div class=\"eael-entry-header-after\"><div class=\"eael-entry-meta\"><span class=\"eael-posted-on\"><time datetime=\"2021-02-03\">2021-02-03<\/time><\/span><\/div><\/div><div class=\"eael-entry-content\">\n                        <div class=\"eael-grid-post-excerpt\"><a href=\"https:\/\/ip2.uek.krakow.pl\/kpnpp\/2021\/02\/03\/rondo-carla-mengera-w-nowym-saczu\/\" class=\"eael-post-elements-readmore-btn\">Czytaj wi\u0119cej  \u2013&gt;<\/a><\/div>\n                    <\/div><\/div><\/div>\n        <\/div>\n    <\/article><article class=\"eael-grid-post  eael-post-grid-column eael-pg-post-1317 category-aktualnosci\" data-id=\"1317\">\n        <div class=\"eael-grid-post-holder\">\n            <div class=\"eael-grid-post-holder-inner\"><div class=\"eael-entry-wrapper\"><header class=\"eael-entry-header\"><h2 class=\"eael-entry-title\"><a class=\"eael-grid-post-link\" href=\"https:\/\/ip2.uek.krakow.pl\/kpnpp\/2021\/01\/11\/zwrot-mienia-przejetego-w-ramach-reformy-rolnej-studium-przypadku\/\" title=\"Zwrot mienia przej\u0119tego w ramach reformy rolnej. Studium przypadku\">Zwrot mienia przej\u0119tego w ramach reformy rolnej. Studium przypadku<\/a><\/h2><\/header><div class=\"eael-entry-header-after\"><div class=\"eael-entry-meta\"><span class=\"eael-posted-on\"><time datetime=\"2021-01-11\">2021-01-11<\/time><\/span><\/div><\/div><div class=\"eael-entry-content\">\n                        <div class=\"eael-grid-post-excerpt\"><a href=\"https:\/\/ip2.uek.krakow.pl\/kpnpp\/2021\/01\/11\/zwrot-mienia-przejetego-w-ramach-reformy-rolnej-studium-przypadku\/\" class=\"eael-post-elements-readmore-btn\">Czytaj wi\u0119cej  \u2013&gt;<\/a><\/div>\n                    <\/div><\/div><\/div>\n        <\/div>\n    <\/article><article class=\"eael-grid-post  eael-post-grid-column eael-pg-post-1244 category-aktualnosci\" data-id=\"1244\">\n        <div class=\"eael-grid-post-holder\">\n            <div class=\"eael-grid-post-holder-inner\"><div class=\"eael-entry-wrapper\"><header class=\"eael-entry-header\"><h2 class=\"eael-entry-title\"><a class=\"eael-grid-post-link\" href=\"https:\/\/ip2.uek.krakow.pl\/kpnpp\/2021\/01\/02\/monografia-pt-wlasnosc-lokali-terazniejszosc-i-perspektywy\/\" title=\"Monografia pt. \u201eW\u0142asno\u015b\u0107 Lokali. Tera\u017aniejszo\u015b\u0107 i Perspektywy\u201d\">Monografia pt. \u201eW\u0142asno\u015b\u0107 Lokali. Tera\u017aniejszo\u015b\u0107 i Perspektywy\u201d<\/a><\/h2><\/header><div class=\"eael-entry-header-after\"><div class=\"eael-entry-meta\"><span class=\"eael-posted-on\"><time datetime=\"2021-01-02\">2021-01-02<\/time><\/span><\/div><\/div><div class=\"eael-entry-content\">\n                        <div class=\"eael-grid-post-excerpt\"><a href=\"https:\/\/ip2.uek.krakow.pl\/kpnpp\/2021\/01\/02\/monografia-pt-wlasnosc-lokali-terazniejszosc-i-perspektywy\/\" class=\"eael-post-elements-readmore-btn\">Czytaj wi\u0119cej  \u2013&gt;<\/a><\/div>\n                    <\/div><\/div><\/div>\n        <\/div>\n    <\/article><\/div>\n            <div class=\"clearfix\"><\/div>\n        <\/div>\t\t\t\t<\/div>\n\t\t\t\t<\/div>\n\t\t\t\t\t<\/div>\n\t\t<\/div>\n\t\t\t\t\t<\/div>\n\t\t<\/section>\n\t\t\t\t<section data-particle_enable=\"false\" data-particle-mobile-disabled=\"false\" class=\"elementor-section elementor-top-section elementor-element elementor-element-0f99605 elementor-section-boxed elementor-section-height-default elementor-section-height-default\" data-id=\"0f99605\" data-element_type=\"section\" data-e-type=\"section\" data-settings=\"{&quot;jet_parallax_layout_list&quot;:[]}\">\n\t\t\t\t\t\t<div class=\"elementor-container elementor-column-gap-default\">\n\t\t\t\t\t<div class=\"elementor-column elementor-col-100 elementor-top-column elementor-element elementor-element-bff1a84\" data-id=\"bff1a84\" data-element_type=\"column\" data-e-type=\"column\">\n\t\t\t<div class=\"elementor-widget-wrap\">\n\t\t\t\t\t\t\t<\/div>\n\t\t<\/div>\n\t\t\t\t\t<\/div>\n\t\t<\/section>\n\t\t\t\t<\/div>\n\t\t","protected":false},"excerpt":{"rendered":"<p>Wyk\u0142ad dr Anna Karabowicz, Katedra Prawa Prywatnego, Uniwersytet Pablo de Olavide w Sewilli 2022-04-13 Czytaj wi\u0119cej \u2013&gt; Wyk\u0142ad prof. Wibrena van der Burga z Erasmus Universiteit Rotterdam \u201e Law in Context research: Methodological Reflections\u201d 2021-11-03 Czytaj wi\u0119cej \u2013&gt; Absolwentki Kierunku Prawo Laureatkami Og\u00f3lnopolskiego Konkursu na Najlepsz\u0105 Prac\u0119 Magistersk\u0105 z Zakresu Prawa Podatkowego 2021-10-21 Czytaj wi\u0119cej \u2013&gt; Toposy 2021-10-20 Czytaj wi\u0119cej \u2013&gt; Og\u0142oszenie o prac\u0119 2021-08-03 Czytaj wi\u0119cej \u2013&gt; Katedra Prawa Nieruchomo\u015bci i Prawa Podatkowego Uniwersytetu Ekonomicznego w Krakowie zaprasza na studia podyplomowe pt.: \u201ePrawo deweloperskie i lokalowe\u201d 2021-07-21 Czytaj wi\u0119cej \u2013&gt; Og\u00f3lnopolska Konferencja Naukowa Prawa Nieruchomo\u015bci pt. \u201eUstawa o w\u0142asno\u015bci lokali \u2013 stan de lege lata i postulaty de lege ferenda\u201d 2021-06-27 Czytaj wi\u0119cej \u2013&gt; Wygrana Katedry w konkursie &#8222;Studenci UEK Zwierzakom 2021 r.&#8221; 2021-06-02 Czytaj wi\u0119cej \u2013&gt; Ko\u0142o Naukowe Prawa Podatkowego UEK 2021-04-27 Czytaj wi\u0119cej \u2013&gt; Rondo Carla Mengera w Nowym S\u0105czu 2021-02-03 Czytaj wi\u0119cej \u2013&gt; Zwrot mienia przej\u0119tego w ramach reformy rolnej. Studium przypadku 2021-01-11 Czytaj wi\u0119cej \u2013&gt; Monografia pt. \u201eW\u0142asno\u015b\u0107 Lokali. Tera\u017aniejszo\u015b\u0107 i Perspektywy\u201d 2021-01-02 Czytaj wi\u0119cej \u2013&gt;<\/p>\n","protected":false},"author":1,"featured_media":0,"parent":0,"menu_order":0,"comment_status":"closed","ping_status":"closed","template":"elementor_header_footer","meta":{"footnotes":""},"class_list":["post-100","page","type-page","status-publish","hentry"],"_links":{"self":[{"href":"https:\/\/ip2.uek.krakow.pl\/kpnpp\/wp-json\/wp\/v2\/pages\/100","targetHints":{"allow":["GET"]}}],"collection":[{"href":"https:\/\/ip2.uek.krakow.pl\/kpnpp\/wp-json\/wp\/v2\/pages"}],"about":[{"href":"https:\/\/ip2.uek.krakow.pl\/kpnpp\/wp-json\/wp\/v2\/types\/page"}],"author":[{"embeddable":true,"href":"https:\/\/ip2.uek.krakow.pl\/kpnpp\/wp-json\/wp\/v2\/users\/1"}],"replies":[{"embeddable":true,"href":"https:\/\/ip2.uek.krakow.pl\/kpnpp\/wp-json\/wp\/v2\/comments?post=100"}],"version-history":[{"count":10,"href":"https:\/\/ip2.uek.krakow.pl\/kpnpp\/wp-json\/wp\/v2\/pages\/100\/revisions"}],"predecessor-version":[{"id":1566,"href":"https:\/\/ip2.uek.krakow.pl\/kpnpp\/wp-json\/wp\/v2\/pages\/100\/revisions\/1566"}],"wp:attachment":[{"href":"https:\/\/ip2.uek.krakow.pl\/kpnpp\/wp-json\/wp\/v2\/media?parent=100"}],"curies":[{"name":"wp","href":"https:\/\/api.w.org\/{rel}","templated":true}]}}