{"id":1510,"date":"2024-05-07T12:29:22","date_gmt":"2024-05-07T10:29:22","guid":{"rendered":"https:\/\/ip.uek.krakow.pl\/kpgppp\/?page_id=1510"},"modified":"2024-05-11T13:30:39","modified_gmt":"2024-05-11T11:30:39","slug":"badania-i-rozwoj","status":"publish","type":"page","link":"https:\/\/ip2.uek.krakow.pl\/kpgppp\/badania-i-rozwoj\/","title":{"rendered":"Badania i rozw\u00f3j"},"content":{"rendered":"\t\t<div data-elementor-type=\"wp-page\" data-elementor-id=\"1510\" class=\"elementor elementor-1510\" data-elementor-post-type=\"page\">\n\t\t\t\t\t\t<section data-particle_enable=\"false\" data-particle-mobile-disabled=\"false\" class=\"elementor-section elementor-top-section elementor-element elementor-element-4ca67fb elementor-section-boxed elementor-section-height-default elementor-section-height-default\" data-id=\"4ca67fb\" data-element_type=\"section\" data-e-type=\"section\" data-settings=\"{&quot;jet_parallax_layout_list&quot;:[]}\">\n\t\t\t\t\t\t<div class=\"elementor-container elementor-column-gap-default\">\n\t\t\t\t\t<div class=\"elementor-column elementor-col-100 elementor-top-column elementor-element elementor-element-22e0d310\" data-id=\"22e0d310\" data-element_type=\"column\" data-e-type=\"column\">\n\t\t\t<div class=\"elementor-widget-wrap elementor-element-populated\">\n\t\t\t\t\t\t<div class=\"elementor-element elementor-element-7c047738 elementor-widget elementor-widget-jet-headline\" data-id=\"7c047738\" data-element_type=\"widget\" data-e-type=\"widget\" data-widget_type=\"jet-headline.default\">\n\t\t\t\t<div class=\"elementor-widget-container\">\n\t\t\t\t\t<h2 class=\"jet-headline jet-headline--direction-horizontal\"><span class=\"jet-headline__part jet-headline__first\"><span class=\"jet-headline__label\">Katedra <\/span><\/span><span class=\"jet-headline__space\">&nbsp;<\/span><span class=\"jet-headline__part jet-headline__second\"><span class=\"jet-headline__label\">PRAWA GOSPODARCZEGO PUBLICZNEGO I PRAWA PRACY<\/span><\/span><\/h2>\t\t\t\t<\/div>\n\t\t\t\t<\/div>\n\t\t\t\t<div class=\"elementor-element elementor-element-27706e0c elementor-widget-divider--view-line elementor-invisible elementor-widget elementor-widget-divider\" data-id=\"27706e0c\" data-element_type=\"widget\" data-e-type=\"widget\" data-settings=\"{&quot;_animation&quot;:&quot;fadeInLeft&quot;}\" data-widget_type=\"divider.default\">\n\t\t\t\t<div class=\"elementor-widget-container\">\n\t\t\t\t\t\t\t<div class=\"elementor-divider\">\n\t\t\t<span class=\"elementor-divider-separator\">\n\t\t\t\t\t\t<\/span>\n\t\t<\/div>\n\t\t\t\t\t\t<\/div>\n\t\t\t\t<\/div>\n\t\t\t\t<div class=\"elementor-element elementor-element-c078210 elementor-widget elementor-widget-text-editor\" data-id=\"c078210\" data-element_type=\"widget\" data-e-type=\"widget\" data-widget_type=\"text-editor.default\">\n\t\t\t\t<div class=\"elementor-widget-container\">\n\t\t\t\t\t\t\t\t\t<h2>Badania i rozw\u00f3j:<\/h2><div>\u00a0<\/div><p><span style=\"font-family: var( --e-global-typography-text-font-family ), Sans-serif;letter-spacing: 0px\">Pracownicy Katedry Prawa Gospodarczego Publicznego i Prawa Pracy prowadz\u0105 badania naukowe i zaj\u0119cia dydaktyczne obejmuj\u0105ce zagadnienia z zakresu publicznego prawa gospodarczego, prawa pracy oraz prawa w\u0142asno\u015bci intelektualnej.\u00a0<\/span><span style=\"font-family: var( --e-global-typography-text-font-family ), Sans-serif;letter-spacing: 0px\">Wyniki swoich bada\u0144 publikuj\u0105 zar\u00f3wno w krajowych, jak i zagranicznych pozycjach naukowych.<\/span><\/p><h3>\u00a0<\/h3><h3>Obecnie Katedra prowadzi projekt badawczy w ramach Programu POTENCJA\u0141:<\/h3><div>\u00a0<\/div><ul><li><b>2020<\/b> &#8211; <em>Nowe technologie na rynku finansowym i rynku pracy. Szanse i zagro\u017cenia dla ich uczestnik\u00f3w<\/em> (kierownik programu: Prof. UEK, dr hab. Monika Szaraniec; uczestnicy: Prof. UEK, dr hab. Ma\u0142gorzata M\u0119drala, Prof. UEK, dr hab. Jan Byrski, dr Marcin Kie\u0142basa, dr Karol Ryszkowski; studentki kierunku Prawo: Olga Domaga\u0142a, Amelia Top\u00f3r),<\/li><li><b>2019<\/b> \u2013 <em>Cyfryzacja na rynku us\u0142ug finansowych. Cz\u0119\u015b\u0107 I : pt. Bariery i u\u0142atwienia w prawie unijnym i polskim dotycz\u0105ce cyfryzacji na rynku p\u0142atniczym, ubezpieczeniowym i kapita\u0142owym<\/em> (kierownik programu: Prof. UEK dr hab. Monika Szaraniec; uczestnicy: Prof. UEK dr hab. Jan Byrski, mgr Karol Mago\u0144),<\/li><li><b>2018<\/b> &#8211; <em>Proces regulacji i deregulacji na rynku ubezpieczeniowym, p\u0142atniczym i kapita\u0142owym w aspekcie obowi\u0105zku implementacji prawa unijnego<\/em> (kierownik programu: Prof. UEK, dr hab. Monika Szaraniec; uczestnicy: Prof. UEK, dr hab. Jan Byrski, mgr Karol Mago\u0144). Efektem tego programu jest monografia: M. Szaraniec, J. Byrski, K. Mago\u0144, \u201eProces regulacji i deregulacji na rynku ubezpieczeniowym, p\u0142atniczym i kapita\u0142owym w aspekcie obowi\u0105zku implementacji prawa unijnego\u201d Wydawnictwo DIFIN SA, Warszawa 2018, IBSN: 978-83-8085-807-7, ss. 197,<\/li><li><span style=\"font-family: var( --e-global-typography-text-font-family ), Sans-serif;letter-spacing: 0px\">Link do monografii:\u00a0<\/span><a style=\"font-family: var( --e-global-typography-text-font-family ), Sans-serif;letter-spacing: 0px\" href=\"https:\/\/ksiegarnia.difin.pl\/proces-regulacji-i-deregulacji-na-rynku-ubezpieczeniowym-platniczym-i-kapitalowym-w-aspekcie-obowiazku-implementacji-prawa-unijnego\" target=\"_blank\" rel=\"noopener noreferrer\">https:\/\/ksiegarnia.difin.pl\/proces-regulacji-i-deregulacji-na-rynku-ubezpieczeniowym-platniczym-i-kapitalowym-w-aspekcie-obowiazku-implementacji-prawa-unijnego<\/a>.<\/li><\/ul><h3>\u00a0<\/h3><h3>Udzia\u0142 w mi\u0119dzynarodowych programach badawczych:<\/h3><div>\u00a0<\/div><ul><li><strong>Mi\u0119dzynarodowy grant badawczy <\/strong>nr VP\/2020\/007 EaSI \u2013 PROGRESS <strong>\u2013 <em>Posting of workers: enhancing administrative cooperation and access to information<\/em><\/strong> <strong>\u00ad<\/strong> \u2013 w trakcie realizacji,<\/li><li><strong>Mi\u0119dzynarodowy grant badawczy<\/strong> nr 2020-1-PL01-KA226-VET-0956ERASMUS plus KA2 pt. <em><strong>Enhancing SMEs Resilience After Lock Down\u00a0[ESMERALD]<\/strong> <\/em>\u2013 w trakcie realizacji,<\/li><li><strong>Prestaci\u00f3n de bienes y servicios a consumidores, en particular en un entorno digital<\/strong> (ang. Goods and services to customers in the digital market), nr DER \u2013 2015-68008-R &#8211; kierowany przez Prof. Mar\u00eda Teresa \u00c1lvarez Moreno &#8211; Dyrektora Departmentu Prawa Cywilnego na Uniwersytecie Complutense w Madrycie. Program finansowany przez hiszpa\u0144skie Ministerstwo Gospodarki i Konkurencyjno\u015bci.<br \/>Efektem programu jest monografia pt: \u201eInnovaci\u00f3n tecnol\u00f3gica, mercado y protecci\u00f3n del consumidor\u201d red. M. T. Alvarez Moreno, Reus Editorial, Madryt 2020, gdzie Prof. UEK, dr hab. Monika Szaraniec opublikowa\u0142a rozdzia\u0142 pt: \u201eSistemas extrajudiciales para la resoluci\u00f3n de litigios en materia de consumo en el mercado de seguros en Polonia\u201d(s. 441-459) a Prof. UEK, dr hab. Aleksandra Nowak-Gruca rozdzia\u0142 pt: \u201eArbitration as a form of Alternative Dispute Resolution (ADR) of Intellectual Property Disputes under the Polish law\u201d (s. 235-249).<br \/>Link do monografii: <a href=\"https:\/\/www.editorialreus.es\/static\/pdf\/primeraspaginas_9788429021042_innovacion-tecnologica-mercado-proteccion-de-consumidores.pdf\" target=\"_blank\" rel=\"noopener noreferrer\">https:\/\/www.editorialreus.es\/static\/pdf\/primeraspaginas_9788429021042_innovacion-tecnologica-mercado-proteccion-de-consumidores.pdf<\/a><\/li><\/ul><h3>\u00a0<\/h3><h3>Udzia\u0142 w grantach i programach badawczych z konkursu:<\/h3><div>\u00a0<\/div><ul><li><strong>Prof. UEK, dr hab. Aleksandra Nowak-Gruca: Kierownik grantu NCN<\/strong> pt. Ewolucja prawa do autorstwa wobec rozwoju sztucznej inteligencji (AI) i r\u00f3\u017cnych form udoskonalania cz\u0142owieka (Human Enhancement) nr 2018\/31\/D\/HS5\/00754 , <strong>Konkurs: SONATA 14<\/strong> , panel: HS5 w latach 2019-2021. Celem grantu jest zbadanie wp\u0142ywu sztucznej inteligencji i post\u0119pu biotechnomedycznego na instytucje prawa autorskiego,<\/li><li><strong>Prof. UEK, dr hab. Aleksandra Nowak-Gruca: Kierownik grantu NCN<\/strong> pt. <i>Ocena przydatno\u015bci dowodowej wybranych system\u00f3w pomiaru parametr\u00f3w neurofizjologicznych i fizjologicznych w procesach z zakresu prawa autorskiego,<\/i> nr 2017\/01\/X\/HS5\/00002, finansowanego <strong>w ramach konkursu na pojedyncze dzia\u0142anie naukowe MINIATURA 1<\/strong>. Badania pilota\u017cowe nad zastosowaniem eksperyment\u00f3w naukowych w procesach z zakresu prawa autorskiego prowadzone by\u0142y przy wykorzystaniu system\u00f3w pomiaru sygna\u0142\u00f3w biologicznych wykorzystywanych w metodzie Biofeedback oraz z zastosowaniem metodologii eyetrackingowej. Efekty tego dzia\u0142ania, w postaci do\u015bwiadcze\u0144 w projektowaniu badania pilota\u017cowego (projektowanie bada\u0144, prowadzenie zapisu istotnych parametr\u00f3w fizjologicznych, analiza danych) umo\u017cliwi\u0142y mi wst\u0119pn\u0105 weryfikacj\u0119 hipotez badawczych sformu\u0142owanych na gruncie bada\u0144 podstawowych nad kognitywn\u0105 koncepcj\u0105 utworu \u2013 przedmiotu prawa autorskiego,<\/li><li><strong>Prof. UEK, dr hab. Aleksandra Nowak-Gruca:<\/strong>\u00a0w wyniku konkursu, decyzj\u0105 Rady Naukowej Projektu REV 4.0, otrzyma\u0142a indywidualny grant badawczy pt.\u00a0<em>Bezpiecze\u0144stwo prawne proces\u00f3w generowania wiedzy z wykorzystaniem modeli otwartego dost\u0119pu w gospodarce 4.0.<\/em>, finansowany przez Ministerstwo Nauki i Szkolnictwa Wy\u017cszego w ramach Programu \u201eRegionalna Inicjatywa Doskona\u0142o\u015bci\u201d na lata 2019-2022. Nr projektu: 021 \/ RID \/ 2018\/19. \u0141\u0105czna kwota dofinansowania: 11 897 131,40 z\u0142,<\/li><li><strong>Prof. UEK, dr hab. Monika Szaraniec:<\/strong>\u00a0w wyniku konkursu decyzj\u0105 Rady Naukowej Projektu REV 4.0 z dnia 30 lipca 2019 r. otrzyma\u0142a indywidualny grant badawczy pt. <i>Dzia\u0142alno\u015b\u0107 ubezpieczeniowych firm technologicznych (InsurTech) a luki regulacyjne zak\u0142\u00f3caj\u0105ce konkurencyjno\u015b\u0107 na rynku ubezpiecze\u0144 gospodarczych<\/i>, nr G-REV-28-1-2019,\u00a0finansowany przez Ministerstwo Nauki i Szkolnictwa Wy\u017cszego w ramach Programu \u201eRegionalna Inicjatywa Doskona\u0142o\u015bci\u201d na lata 2019-2022. Nr projektu: 021 \/ RID \/ 2018\/19. \u0141\u0105czna kwota dofinansowania: 11 897 131,40 z\u0142,<\/li><li><strong>Prof. UEK, dr hab. Monika Szaraniec:\u00a0<\/strong>uczestnik w projekcie badawczym z konkursu (2019) &#8211;\u00a0<i>Prawo, gospodarka i technologia na rzecz zapobiegania przyczynom przest\u0119pczo\u015bci ubezpieczeniowej<\/i>\u00a0(umowa nr WS\/F\/312\/2019), finansowanym ze \u015brodk\u00f3w Funduszu Sprawiedliwo\u015bci, zarz\u0105dzanym przez Ministerstwo Sprawiedliwo\u015bci (kierownik: Prof. UEK dr hab. Maria P\u0142onka).<\/li><\/ul>\t\t\t\t\t\t\t\t<\/div>\n\t\t\t\t<\/div>\n\t\t\t\t<div class=\"elementor-element elementor-element-7c7342c elementor-widget elementor-widget-image\" data-id=\"7c7342c\" data-element_type=\"widget\" data-e-type=\"widget\" data-widget_type=\"image.default\">\n\t\t\t\t<div class=\"elementor-widget-container\">\n\t\t\t\t\t\t\t\t\t\t\t\t\t\t\t<img decoding=\"async\" src=\"https:\/\/ie.uek.krakow.pl\/ke\/wp-content\/uploads\/sites\/3\/2023\/02\/placeholder-1.png\" title=\"\" alt=\"\" loading=\"lazy\" \/>\t\t\t\t\t\t\t\t\t\t\t\t\t\t\t<\/div>\n\t\t\t\t<\/div>\n\t\t\t\t\t<\/div>\n\t\t<\/div>\n\t\t\t\t\t<\/div>\n\t\t<\/section>\n\t\t\t\t<\/div>\n\t\t","protected":false},"excerpt":{"rendered":"<p>Katedra &nbsp;PRAWA GOSPODARCZEGO PUBLICZNEGO I PRAWA PRACY \/*! elementor &#8211; v3.21.0 &#8211; 08-05-2024 *\/ .elementor-widget-divider{&#8211;divider-border-style:none;&#8211;divider-border-width:1px;&#8211;divider-color:#0c0d0e;&#8211;divider-icon-size:20px;&#8211;divider-element-spacing:10px;&#8211;divider-pattern-height:24px;&#8211;divider-pattern-size:20px;&#8211;divider-pattern-url:none;&#8211;divider-pattern-repeat:repeat-x}.elementor-widget-divider .elementor-divider{display:flex}.elementor-widget-divider .elementor-divider__text{font-size:15px;line-height:1;max-width:95%}.elementor-widget-divider .elementor-divider__element{margin:0 var(&#8211;divider-element-spacing);flex-shrink:0}.elementor-widget-divider .elementor-icon{font-size:var(&#8211;divider-icon-size)}.elementor-widget-divider .elementor-divider-separator{display:flex;margin:0;direction:ltr}.elementor-widget-divider&#8211;view-line_icon .elementor-divider-separator,.elementor-widget-divider&#8211;view-line_text .elementor-divider-separator{align-items:center}.elementor-widget-divider&#8211;view-line_icon .elementor-divider-separator:after,.elementor-widget-divider&#8211;view-line_icon .elementor-divider-separator:before,.elementor-widget-divider&#8211;view-line_text .elementor-divider-separator:after,.elementor-widget-divider&#8211;view-line_text .elementor-divider-separator:before{display:block;content:&#8221;&#8221;;border-block-end:0;flex-grow:1;border-block-start:var(&#8211;divider-border-width) var(&#8211;divider-border-style) var(&#8211;divider-color)}.elementor-widget-divider&#8211;element-align-left .elementor-divider .elementor-divider-separator&gt;.elementor-divider__svg:first-of-type{flex-grow:0;flex-shrink:100}.elementor-widget-divider&#8211;element-align-left .elementor-divider-separator:before{content:none}.elementor-widget-divider&#8211;element-align-left .elementor-divider__element{margin-left:0}.elementor-widget-divider&#8211;element-align-right .elementor-divider .elementor-divider-separator&gt;.elementor-divider__svg:last-of-type{flex-grow:0;flex-shrink:100}.elementor-widget-divider&#8211;element-align-right .elementor-divider-separator:after{content:none}.elementor-widget-divider&#8211;element-align-right .elementor-divider__element{margin-right:0}.elementor-widget-divider&#8211;element-align-start .elementor-divider .elementor-divider-separator&gt;.elementor-divider__svg:first-of-type{flex-grow:0;flex-shrink:100}.elementor-widget-divider&#8211;element-align-start .elementor-divider-separator:before{content:none}.elementor-widget-divider&#8211;element-align-start .elementor-divider__element{margin-inline-start:0}.elementor-widget-divider&#8211;element-align-end .elementor-divider .elementor-divider-separator&gt;.elementor-divider__svg:last-of-type{flex-grow:0;flex-shrink:100}.elementor-widget-divider&#8211;element-align-end .elementor-divider-separator:after{content:none}.elementor-widget-divider&#8211;element-align-end .elementor-divider__element{margin-inline-end:0}.elementor-widget-divider:not(.elementor-widget-divider&#8211;view-line_text):not(.elementor-widget-divider&#8211;view-line_icon) .elementor-divider-separator{border-block-start:var(&#8211;divider-border-width) var(&#8211;divider-border-style) var(&#8211;divider-color)}.elementor-widget-divider&#8211;separator-type-pattern{&#8211;divider-border-style:none}.elementor-widget-divider&#8211;separator-type-pattern.elementor-widget-divider&#8211;view-line .elementor-divider-separator,.elementor-widget-divider&#8211;separator-type-pattern:not(.elementor-widget-divider&#8211;view-line) .elementor-divider-separator:after,.elementor-widget-divider&#8211;separator-type-pattern:not(.elementor-widget-divider&#8211;view-line) .elementor-divider-separator:before,.elementor-widget-divider&#8211;separator-type-pattern:not([class*=elementor-widget-divider&#8211;view]) .elementor-divider-separator{width:100%;min-height:var(&#8211;divider-pattern-height);-webkit-mask-size:var(&#8211;divider-pattern-size) 100%;mask-size:var(&#8211;divider-pattern-size) 100%;-webkit-mask-repeat:var(&#8211;divider-pattern-repeat);mask-repeat:var(&#8211;divider-pattern-repeat);background-color:var(&#8211;divider-color);-webkit-mask-image:var(&#8211;divider-pattern-url);mask-image:var(&#8211;divider-pattern-url)}.elementor-widget-divider&#8211;no-spacing{&#8211;divider-pattern-size:auto}.elementor-widget-divider&#8211;bg-round{&#8211;divider-pattern-repeat:round}.rtl .elementor-widget-divider .elementor-divider__text{direction:rtl}.e-con-inner&gt;.elementor-widget-divider,.e-con&gt;.elementor-widget-divider{width:var(&#8211;container-widget-width,100%);&#8211;flex-grow:var(&#8211;container-widget-flex-grow)} Badania i rozw\u00f3j: \u00a0 Pracownicy Katedry Prawa Gospodarczego Publicznego i Prawa Pracy prowadz\u0105 badania naukowe i zaj\u0119cia dydaktyczne obejmuj\u0105ce zagadnienia z zakresu publicznego prawa gospodarczego, prawa pracy oraz prawa w\u0142asno\u015bci intelektualnej.\u00a0Wyniki swoich bada\u0144 publikuj\u0105 zar\u00f3wno w krajowych, jak i zagranicznych pozycjach naukowych. \u00a0 Obecnie Katedra prowadzi projekt badawczy w ramach Programu POTENCJA\u0141: \u00a0 2020 &#8211; Nowe technologie na rynku finansowym i rynku pracy. Szanse i zagro\u017cenia dla ich uczestnik\u00f3w (kierownik programu: Prof. UEK, dr hab. Monika Szaraniec; uczestnicy: Prof. UEK, dr hab. Ma\u0142gorzata M\u0119drala, Prof. UEK, dr hab. Jan Byrski, dr Marcin Kie\u0142basa, dr Karol Ryszkowski; studentki kierunku Prawo: Olga Domaga\u0142a, Amelia Top\u00f3r), 2019 \u2013 Cyfryzacja na rynku us\u0142ug finansowych. Cz\u0119\u015b\u0107 I : pt. Bariery i u\u0142atwienia w prawie unijnym i polskim dotycz\u0105ce cyfryzacji na rynku p\u0142atniczym, ubezpieczeniowym i kapita\u0142owym (kierownik programu: Prof. UEK dr hab. Monika Szaraniec; uczestnicy: Prof. UEK dr hab. Jan Byrski, mgr Karol Mago\u0144), 2018 &#8211; Proces regulacji i deregulacji na rynku ubezpieczeniowym, p\u0142atniczym i kapita\u0142owym w aspekcie obowi\u0105zku implementacji prawa unijnego (kierownik programu: Prof. UEK, dr hab. Monika Szaraniec; uczestnicy: Prof. UEK, dr hab. Jan Byrski, mgr Karol Mago\u0144). Efektem tego programu jest monografia: M. Szaraniec, J. Byrski, K. Mago\u0144, \u201eProces regulacji i deregulacji na rynku ubezpieczeniowym, p\u0142atniczym i kapita\u0142owym w aspekcie obowi\u0105zku implementacji prawa unijnego\u201d Wydawnictwo DIFIN SA, Warszawa 2018, IBSN: 978-83-8085-807-7, ss. 197, Link do monografii:\u00a0https:\/\/ksiegarnia.difin.pl\/proces-regulacji-i-deregulacji-na-rynku-ubezpieczeniowym-platniczym-i-kapitalowym-w-aspekcie-obowiazku-implementacji-prawa-unijnego. \u00a0 Udzia\u0142 w mi\u0119dzynarodowych programach badawczych: \u00a0 Mi\u0119dzynarodowy grant badawczy nr VP\/2020\/007 EaSI \u2013 PROGRESS \u2013 Posting of workers: enhancing administrative cooperation and access to information \u00ad \u2013 w trakcie realizacji, Mi\u0119dzynarodowy grant badawczy nr 2020-1-PL01-KA226-VET-0956ERASMUS plus KA2 pt. Enhancing SMEs Resilience After Lock Down\u00a0[ESMERALD] \u2013 w trakcie realizacji, Prestaci\u00f3n de bienes y servicios a consumidores, en particular en un entorno digital (ang. Goods and services to customers in the digital market), nr DER \u2013 2015-68008-R &#8211; kierowany przez Prof. Mar\u00eda Teresa \u00c1lvarez Moreno &#8211; Dyrektora Departmentu Prawa Cywilnego na Uniwersytecie Complutense w Madrycie. Program finansowany przez hiszpa\u0144skie Ministerstwo Gospodarki i Konkurencyjno\u015bci.Efektem programu jest monografia pt: \u201eInnovaci\u00f3n tecnol\u00f3gica, mercado y protecci\u00f3n del consumidor\u201d red. M. T. Alvarez Moreno, Reus Editorial, Madryt 2020, gdzie Prof. UEK, dr hab. Monika Szaraniec opublikowa\u0142a rozdzia\u0142 pt: \u201eSistemas extrajudiciales para la resoluci\u00f3n de litigios en materia de consumo en el mercado de seguros en Polonia\u201d(s. 441-459) a Prof. UEK, dr hab. Aleksandra Nowak-Gruca rozdzia\u0142 pt: \u201eArbitration as a form of Alternative Dispute Resolution (ADR) of Intellectual Property Disputes under the Polish law\u201d (s. 235-249).Link do monografii: https:\/\/www.editorialreus.es\/static\/pdf\/primeraspaginas_9788429021042_innovacion-tecnologica-mercado-proteccion-de-consumidores.pdf \u00a0 Udzia\u0142 w grantach i programach badawczych z konkursu: \u00a0 Prof. UEK, dr hab. Aleksandra Nowak-Gruca: Kierownik grantu NCN pt. Ewolucja prawa do autorstwa wobec rozwoju sztucznej inteligencji (AI) i r\u00f3\u017cnych form udoskonalania cz\u0142owieka (Human Enhancement) nr 2018\/31\/D\/HS5\/00754 , Konkurs: SONATA 14 , panel: HS5 w latach 2019-2021. Celem grantu jest zbadanie wp\u0142ywu sztucznej inteligencji i post\u0119pu biotechnomedycznego na instytucje prawa autorskiego, Prof. UEK, dr hab. Aleksandra Nowak-Gruca: Kierownik grantu NCN pt. Ocena przydatno\u015bci dowodowej wybranych system\u00f3w pomiaru parametr\u00f3w neurofizjologicznych i fizjologicznych w procesach z zakresu prawa autorskiego, nr 2017\/01\/X\/HS5\/00002, finansowanego w ramach konkursu na pojedyncze dzia\u0142anie naukowe MINIATURA 1. Badania pilota\u017cowe nad zastosowaniem eksperyment\u00f3w naukowych w procesach z zakresu prawa autorskiego prowadzone by\u0142y przy wykorzystaniu system\u00f3w pomiaru sygna\u0142\u00f3w biologicznych wykorzystywanych w metodzie Biofeedback oraz z zastosowaniem metodologii eyetrackingowej. Efekty tego dzia\u0142ania, w postaci do\u015bwiadcze\u0144 w projektowaniu badania pilota\u017cowego (projektowanie bada\u0144, prowadzenie zapisu istotnych parametr\u00f3w fizjologicznych, analiza danych) umo\u017cliwi\u0142y mi wst\u0119pn\u0105 weryfikacj\u0119 hipotez badawczych sformu\u0142owanych na gruncie bada\u0144 podstawowych nad kognitywn\u0105 koncepcj\u0105 utworu \u2013 przedmiotu prawa autorskiego, Prof. UEK, dr hab. Aleksandra Nowak-Gruca:\u00a0w wyniku konkursu, decyzj\u0105 Rady Naukowej Projektu REV 4.0, otrzyma\u0142a indywidualny grant badawczy pt.\u00a0Bezpiecze\u0144stwo prawne proces\u00f3w generowania wiedzy z wykorzystaniem modeli otwartego dost\u0119pu w gospodarce 4.0., finansowany przez Ministerstwo Nauki i Szkolnictwa Wy\u017cszego w ramach Programu \u201eRegionalna Inicjatywa Doskona\u0142o\u015bci\u201d na lata 2019-2022. Nr projektu: 021 \/ RID \/ 2018\/19. \u0141\u0105czna kwota dofinansowania: 11 897 131,40 z\u0142, Prof. UEK, dr hab. Monika Szaraniec:\u00a0w wyniku konkursu decyzj\u0105 Rady Naukowej Projektu REV 4.0 z dnia 30 lipca 2019 r. otrzyma\u0142a indywidualny grant badawczy pt. Dzia\u0142alno\u015b\u0107 ubezpieczeniowych firm technologicznych (InsurTech) a luki regulacyjne zak\u0142\u00f3caj\u0105ce konkurencyjno\u015b\u0107 na rynku ubezpiecze\u0144 gospodarczych, nr G-REV-28-1-2019,\u00a0finansowany przez Ministerstwo Nauki i Szkolnictwa Wy\u017cszego w ramach Programu \u201eRegionalna Inicjatywa Doskona\u0142o\u015bci\u201d na lata 2019-2022. Nr projektu: 021 \/ RID \/ 2018\/19. \u0141\u0105czna kwota dofinansowania: 11 897 131,40 z\u0142, Prof. UEK, dr hab. Monika Szaraniec:\u00a0uczestnik w projekcie badawczym z konkursu (2019) &#8211;\u00a0Prawo, gospodarka i technologia na rzecz zapobiegania przyczynom przest\u0119pczo\u015bci ubezpieczeniowej\u00a0(umowa nr WS\/F\/312\/2019), finansowanym ze \u015brodk\u00f3w Funduszu Sprawiedliwo\u015bci, zarz\u0105dzanym przez Ministerstwo Sprawiedliwo\u015bci (kierownik: Prof. UEK dr hab. Maria P\u0142onka). \/*! elementor &#8211; v3.21.0 &#8211; 08-05-2024 *\/ .elementor-widget-image{text-align:center}.elementor-widget-image a{display:inline-block}.elementor-widget-image a img[src$=&#8221;.svg&#8221;]{width:48px}.elementor-widget-image img{vertical-align:middle;display:inline-block}<\/p>\n","protected":false},"author":15,"featured_media":0,"parent":0,"menu_order":0,"comment_status":"closed","ping_status":"closed","template":"elementor_header_footer","meta":{"footnotes":""},"class_list":["post-1510","page","type-page","status-publish","hentry"],"_links":{"self":[{"href":"https:\/\/ip2.uek.krakow.pl\/kpgppp\/wp-json\/wp\/v2\/pages\/1510","targetHints":{"allow":["GET"]}}],"collection":[{"href":"https:\/\/ip2.uek.krakow.pl\/kpgppp\/wp-json\/wp\/v2\/pages"}],"about":[{"href":"https:\/\/ip2.uek.krakow.pl\/kpgppp\/wp-json\/wp\/v2\/types\/page"}],"author":[{"embeddable":true,"href":"https:\/\/ip2.uek.krakow.pl\/kpgppp\/wp-json\/wp\/v2\/users\/15"}],"replies":[{"embeddable":true,"href":"https:\/\/ip2.uek.krakow.pl\/kpgppp\/wp-json\/wp\/v2\/comments?post=1510"}],"version-history":[{"count":35,"href":"https:\/\/ip2.uek.krakow.pl\/kpgppp\/wp-json\/wp\/v2\/pages\/1510\/revisions"}],"predecessor-version":[{"id":1641,"href":"https:\/\/ip2.uek.krakow.pl\/kpgppp\/wp-json\/wp\/v2\/pages\/1510\/revisions\/1641"}],"wp:attachment":[{"href":"https:\/\/ip2.uek.krakow.pl\/kpgppp\/wp-json\/wp\/v2\/media?parent=1510"}],"curies":[{"name":"wp","href":"https:\/\/api.w.org\/{rel}","templated":true}]}}