{"id":100,"date":"2023-02-19T00:28:28","date_gmt":"2023-02-18T23:28:28","guid":{"rendered":"https:\/\/ie.uek.krakow.pl\/ke\/?page_id=100"},"modified":"2023-04-21T11:37:14","modified_gmt":"2023-04-21T09:37:14","slug":"aktualnosci","status":"publish","type":"page","link":"https:\/\/ip2.uek.krakow.pl\/kpgppp\/aktualnosci\/","title":{"rendered":"Aktualno\u015bci"},"content":{"rendered":"\t\t<div data-elementor-type=\"wp-page\" data-elementor-id=\"100\" class=\"elementor elementor-100\" data-elementor-post-type=\"page\">\n\t\t\t\t\t\t<section data-particle_enable=\"false\" data-particle-mobile-disabled=\"false\" class=\"elementor-section elementor-top-section elementor-element elementor-element-b1422da elementor-section-boxed elementor-section-height-default elementor-section-height-default\" data-id=\"b1422da\" data-element_type=\"section\" data-e-type=\"section\" data-settings=\"{&quot;jet_parallax_layout_list&quot;:[]}\">\n\t\t\t\t\t\t<div class=\"elementor-container elementor-column-gap-default\">\n\t\t\t\t\t<div class=\"elementor-column elementor-col-100 elementor-top-column elementor-element elementor-element-40ed5763\" data-id=\"40ed5763\" data-element_type=\"column\" data-e-type=\"column\">\n\t\t\t<div class=\"elementor-widget-wrap elementor-element-populated\">\n\t\t\t\t\t\t<div class=\"elementor-element elementor-element-15bbf765 elementor-grid-tablet_extra-eael-col-4 elementor-grid-eael-col-3 elementor-grid-tablet-eael-col-2 elementor-grid-mobile-eael-col-1 elementor-widget elementor-widget-eael-post-grid\" data-id=\"15bbf765\" data-element_type=\"widget\" data-e-type=\"widget\" data-settings=\"{&quot;eael_post_grid_columns_tablet_extra&quot;:&quot;eael-col-4&quot;,&quot;eael_post_grid_columns&quot;:&quot;eael-col-3&quot;,&quot;eael_post_grid_columns_tablet&quot;:&quot;eael-col-2&quot;,&quot;eael_post_grid_columns_mobile&quot;:&quot;eael-col-1&quot;}\" data-widget_type=\"eael-post-grid.default\">\n\t\t\t\t<div class=\"elementor-widget-container\">\n\t\t\t\t\t<div id=\"eael-post-grid-15bbf765\" class=\"eael-post-grid-container\">\n            <div class=\"eael-post-grid eael-post-appender eael-post-appender-15bbf765 eael-post-grid-style-two\" data-layout-mode=\"grid\"><article class=\"eael-grid-post  eael-post-grid-column eael-pg-post-1925 category-aktualnosci\" data-id=\"1925\">\n    <div class=\"eael-grid-post-holder\">\n        <div class=\"eael-grid-post-holder-inner\"><div class=\"eael-entry-wrapper\"><header class=\"eael-entry-header\"><h2 class=\"eael-entry-title\"><a class=\"eael-grid-post-link\" href=\"https:\/\/ip2.uek.krakow.pl\/kpgppp\/2024\/12\/25\/przykladowy-wpis-copy-3\/\" title=\"\u017byczenia z okazji \u015awi\u0105t Bo\u017cego Narodzenia i Nowego Roku 2025\">\u017byczenia z okazji \u015awi\u0105t Bo\u017cego Narodzenia i Nowego Roku 2025<\/a><\/h2><\/header><div class=\"eael-entry-header-after style-two\"><div class=\"eael-entry-meta\"><span class=\"eael-posted-on eael-meta-posted-on\"><i class=\"far fa-clock\"><\/i><time datetime=\"2024-12-25\">2024-12-25<\/time><\/span><\/div><\/div><div class=\"eael-entry-content\">\n                                <div class=\"eael-grid-post-excerpt\"><p>Szanowni Pa\u0144stwo, z okazji \u015awi\u0105t Bo\u017cego Narodzenia oraz nadchodz\u0105cego Nowego...<\/p><a href=\"https:\/\/ip2.uek.krakow.pl\/kpgppp\/2024\/12\/25\/przykladowy-wpis-copy-3\/\" class=\"eael-post-elements-readmore-btn\">Czytaj wi\u0119cej  \u2013&gt;<\/a><\/div>\n                            <\/div><\/div><\/div>\n    <\/div>\n<\/article><article class=\"eael-grid-post  eael-post-grid-column eael-pg-post-1936 category-aktualnosci\" data-id=\"1936\">\n    <div class=\"eael-grid-post-holder\">\n        <div class=\"eael-grid-post-holder-inner\"><div class=\"eael-entry-wrapper\"><header class=\"eael-entry-header\"><h2 class=\"eael-entry-title\"><a class=\"eael-grid-post-link\" href=\"https:\/\/ip2.uek.krakow.pl\/kpgppp\/2024\/12\/19\/przykladowy-wpis-copy-4\/\" title=\"Prof. UEK, dr hab. Jan Byrski w gronie wsp\u00f3\u0142autor\u00f3w publikacji pt. \u201eOchrona sygnalist\u00f3w. Komentarz\u201d\">Prof. UEK, dr hab. Jan Byrski w gronie wsp\u00f3\u0142autor\u00f3w publikacji pt. \u201eOchrona sygnalist\u00f3w. Komentarz\u201d<\/a><\/h2><\/header><div class=\"eael-entry-header-after style-two\"><div class=\"eael-entry-meta\"><span class=\"eael-posted-on eael-meta-posted-on\"><i class=\"far fa-clock\"><\/i><time datetime=\"2024-12-19\">2024-12-19<\/time><\/span><\/div><\/div><div class=\"eael-entry-content\">\n                                <div class=\"eael-grid-post-excerpt\"><p>Mi\u0142o nam poinformowa\u0107, \u017ce nak\u0142adem wydawnictwa Wolters Kluwer Polska ukaza\u0142a...<\/p><a href=\"https:\/\/ip2.uek.krakow.pl\/kpgppp\/2024\/12\/19\/przykladowy-wpis-copy-4\/\" class=\"eael-post-elements-readmore-btn\">Czytaj wi\u0119cej  \u2013&gt;<\/a><\/div>\n                            <\/div><\/div><\/div>\n    <\/div>\n<\/article><article class=\"eael-grid-post  eael-post-grid-column eael-pg-post-1914 category-aktualnosci\" data-id=\"1914\">\n    <div class=\"eael-grid-post-holder\">\n        <div class=\"eael-grid-post-holder-inner\"><div class=\"eael-entry-wrapper\"><header class=\"eael-entry-header\"><h2 class=\"eael-entry-title\"><a class=\"eael-grid-post-link\" href=\"https:\/\/ip2.uek.krakow.pl\/kpgppp\/2024\/12\/02\/prof-uek-dr-hab-monika-szaraniec-powolana-na-stanowisko-dziekana-kolegium-prawa\/\" title=\"Prof. UEK, dr hab. Monika Szaraniec powo\u0142ana na stanowisko Dziekana Kolegium Prawa\">Prof. UEK, dr hab. Monika Szaraniec powo\u0142ana na stanowisko Dziekana Kolegium Prawa<\/a><\/h2><\/header><div class=\"eael-entry-header-after style-two\"><div class=\"eael-entry-meta\"><span class=\"eael-posted-on eael-meta-posted-on\"><i class=\"far fa-clock\"><\/i><time datetime=\"2024-12-02\">2024-12-02<\/time><\/span><\/div><\/div><div class=\"eael-entry-content\">\n                                <div class=\"eael-grid-post-excerpt\"><p>Dnia 27 listopada 2024 roku Rektor Uniwersytetu Ekonomicznego w Krakowie...<\/p><a href=\"https:\/\/ip2.uek.krakow.pl\/kpgppp\/2024\/12\/02\/prof-uek-dr-hab-monika-szaraniec-powolana-na-stanowisko-dziekana-kolegium-prawa\/\" class=\"eael-post-elements-readmore-btn\">Czytaj wi\u0119cej  \u2013&gt;<\/a><\/div>\n                            <\/div><\/div><\/div>\n    <\/div>\n<\/article><article class=\"eael-grid-post  eael-post-grid-column eael-pg-post-1868 category-aktualnosci\" data-id=\"1868\">\n    <div class=\"eael-grid-post-holder\">\n        <div class=\"eael-grid-post-holder-inner\"><div class=\"eael-entry-wrapper\"><header class=\"eael-entry-header\"><h2 class=\"eael-entry-title\"><a class=\"eael-grid-post-link\" href=\"https:\/\/ip2.uek.krakow.pl\/kpgppp\/2024\/10\/30\/dni-adaptacyjne-studentow-prawa-copy\/\" title=\"XIII Mi\u0119dzynarodowe Sympozjum Prawo-Handel-Ekonomia na S\u0142owacji\">XIII Mi\u0119dzynarodowe Sympozjum Prawo-Handel-Ekonomia na S\u0142owacji<\/a><\/h2><\/header><div class=\"eael-entry-header-after style-two\"><div class=\"eael-entry-meta\"><span class=\"eael-posted-on eael-meta-posted-on\"><i class=\"far fa-clock\"><\/i><time datetime=\"2024-10-30\">2024-10-30<\/time><\/span><\/div><\/div><div class=\"eael-entry-content\">\n                                <div class=\"eael-grid-post-excerpt\"><p>W dniach 22-24 pa\u017adziernika w Wysokich Tatrach (S\u0142owacja) mia\u0142o miejsce...<\/p><a href=\"https:\/\/ip2.uek.krakow.pl\/kpgppp\/2024\/10\/30\/dni-adaptacyjne-studentow-prawa-copy\/\" class=\"eael-post-elements-readmore-btn\">Czytaj wi\u0119cej  \u2013&gt;<\/a><\/div>\n                            <\/div><\/div><\/div>\n    <\/div>\n<\/article><article class=\"eael-grid-post  eael-post-grid-column eael-pg-post-1840 category-aktualnosci\" data-id=\"1840\">\n    <div class=\"eael-grid-post-holder\">\n        <div class=\"eael-grid-post-holder-inner\"><div class=\"eael-entry-wrapper\"><header class=\"eael-entry-header\"><h2 class=\"eael-entry-title\"><a class=\"eael-grid-post-link\" href=\"https:\/\/ip2.uek.krakow.pl\/kpgppp\/2024\/10\/17\/przykladowy-wpis-copy-2\/\" title=\"Dni Adaptacyjne student\u00f3w Prawa\">Dni Adaptacyjne student\u00f3w Prawa<\/a><\/h2><\/header><div class=\"eael-entry-header-after style-two\"><div class=\"eael-entry-meta\"><span class=\"eael-posted-on eael-meta-posted-on\"><i class=\"far fa-clock\"><\/i><time datetime=\"2024-10-17\">2024-10-17<\/time><\/span><\/div><\/div><div class=\"eael-entry-content\">\n                                <div class=\"eael-grid-post-excerpt\"><p>W dniu 10 pa\u017adziernika na Uniwersytecie Ekonomicznym w Krakowie, w...<\/p><a href=\"https:\/\/ip2.uek.krakow.pl\/kpgppp\/2024\/10\/17\/przykladowy-wpis-copy-2\/\" class=\"eael-post-elements-readmore-btn\">Czytaj wi\u0119cej  \u2013&gt;<\/a><\/div>\n                            <\/div><\/div><\/div>\n    <\/div>\n<\/article><article class=\"eael-grid-post  eael-post-grid-column eael-pg-post-1825 category-aktualnosci\" data-id=\"1825\">\n    <div class=\"eael-grid-post-holder\">\n        <div class=\"eael-grid-post-holder-inner\"><div class=\"eael-entry-wrapper\"><header class=\"eael-entry-header\"><h2 class=\"eael-entry-title\"><a class=\"eael-grid-post-link\" href=\"https:\/\/ip2.uek.krakow.pl\/kpgppp\/2024\/10\/15\/zjazd-katedr-ppg\/\" title=\"Zjazd Katedr, Zak\u0142ad\u00f3w i Zespo\u0142\u00f3w Badawczych Publicznego Prawa Gospodarczego oraz Transformacji Energetycznej w Katowicach\">Zjazd Katedr, Zak\u0142ad\u00f3w i Zespo\u0142\u00f3w Badawczych Publicznego Prawa Gospodarczego oraz Transformacji Energetycznej w Katowicach<\/a><\/h2><\/header><div class=\"eael-entry-header-after style-two\"><div class=\"eael-entry-meta\"><span class=\"eael-posted-on eael-meta-posted-on\"><i class=\"far fa-clock\"><\/i><time datetime=\"2024-10-15\">2024-10-15<\/time><\/span><\/div><\/div><div class=\"eael-entry-content\">\n                                <div class=\"eael-grid-post-excerpt\"><p>W dniach 6-8 pa\u017adziernika pracownicy Katedry brali aktywny udzia\u0142 w...<\/p><a href=\"https:\/\/ip2.uek.krakow.pl\/kpgppp\/2024\/10\/15\/zjazd-katedr-ppg\/\" class=\"eael-post-elements-readmore-btn\">Czytaj wi\u0119cej  \u2013&gt;<\/a><\/div>\n                            <\/div><\/div><\/div>\n    <\/div>\n<\/article><article class=\"eael-grid-post  eael-post-grid-column eael-pg-post-1645 category-aktualnosci\" data-id=\"1645\">\n    <div class=\"eael-grid-post-holder\">\n        <div class=\"eael-grid-post-holder-inner\"><div class=\"eael-entry-wrapper\"><header class=\"eael-entry-header\"><h2 class=\"eael-entry-title\"><a class=\"eael-grid-post-link\" href=\"https:\/\/ip2.uek.krakow.pl\/kpgppp\/2024\/05\/11\/studia-podyplomowe-cyberbezpieczenstwo-w-prawie-i-praktyce\/\" title=\"Cyberbezpiecze\u0144stwo w prawie i praktyce &#8211; studia podyplomowe\">Cyberbezpiecze\u0144stwo w prawie i praktyce &#8211; studia podyplomowe<\/a><\/h2><\/header><div class=\"eael-entry-header-after style-two\"><div class=\"eael-entry-meta\"><span class=\"eael-posted-on eael-meta-posted-on\"><i class=\"far fa-clock\"><\/i><time datetime=\"2024-05-11\">2024-05-11<\/time><\/span><\/div><\/div><div class=\"eael-entry-content\">\n                                <div class=\"eael-grid-post-excerpt\"><p>Katedra Prawa Gospodarczego Publicznego i Prawa Pracy UEK zaprasza na...<\/p><a href=\"https:\/\/ip2.uek.krakow.pl\/kpgppp\/2024\/05\/11\/studia-podyplomowe-cyberbezpieczenstwo-w-prawie-i-praktyce\/\" class=\"eael-post-elements-readmore-btn\">Czytaj wi\u0119cej  \u2013&gt;<\/a><\/div>\n                            <\/div><\/div><\/div>\n    <\/div>\n<\/article><article class=\"eael-grid-post  eael-post-grid-column eael-pg-post-1463 category-aktualnosci\" data-id=\"1463\">\n    <div class=\"eael-grid-post-holder\">\n        <div class=\"eael-grid-post-holder-inner\"><div class=\"eael-entry-wrapper\"><header class=\"eael-entry-header\"><h2 class=\"eael-entry-title\"><a class=\"eael-grid-post-link\" href=\"https:\/\/ip2.uek.krakow.pl\/kpgppp\/2024\/03\/01\/przykladowy-wpis-copy\/\" title=\"Grant badawczy\u00a0pt. Usprawnienie gromadzenia i analizy danych krajowych dotycz\u0105cych delegowania wewn\u0105trz UE\">Grant badawczy\u00a0pt. Usprawnienie gromadzenia i analizy danych krajowych dotycz\u0105cych delegowania wewn\u0105trz UE<\/a><\/h2><\/header><div class=\"eael-entry-header-after style-two\"><div class=\"eael-entry-meta\"><span class=\"eael-posted-on eael-meta-posted-on\"><i class=\"far fa-clock\"><\/i><time datetime=\"2024-03-01\">2024-03-01<\/time><\/span><\/div><\/div><div class=\"eael-entry-content\">\n                                <div class=\"eael-grid-post-excerpt\"><p>Katedra Prawa Gospodarczego Publicznego i Prawa Pracy otrzyma\u0142a decyzj\u0105 Komisji...<\/p><a href=\"https:\/\/ip2.uek.krakow.pl\/kpgppp\/2024\/03\/01\/przykladowy-wpis-copy\/\" class=\"eael-post-elements-readmore-btn\">Czytaj wi\u0119cej  \u2013&gt;<\/a><\/div>\n                            <\/div><\/div><\/div>\n    <\/div>\n<\/article><article class=\"eael-grid-post  eael-post-grid-column eael-pg-post-1258 category-aktualnosci\" data-id=\"1258\">\n    <div class=\"eael-grid-post-holder\">\n        <div class=\"eael-grid-post-holder-inner\"><div class=\"eael-entry-wrapper\"><header class=\"eael-entry-header\"><h2 class=\"eael-entry-title\"><a class=\"eael-grid-post-link\" href=\"https:\/\/ip2.uek.krakow.pl\/kpgppp\/2021\/11\/29\/ogolnopolska-konferencja-naukowa-nowe-technologie-na-rynku-finansowym-szanse-i-zagrozenia-dla-jego-uczestnikow\/\" title=\"Og\u00f3lnopolska Konferencja Naukowa Nowe technologie na rynku finansowym \u2013 szanse i zagro\u017cenia dla jego uczestnik\u00f3w\">Og\u00f3lnopolska Konferencja Naukowa Nowe technologie na rynku finansowym \u2013 szanse i zagro\u017cenia dla jego uczestnik\u00f3w<\/a><\/h2><\/header><div class=\"eael-entry-header-after style-two\"><div class=\"eael-entry-meta\"><span class=\"eael-posted-on eael-meta-posted-on\"><i class=\"far fa-clock\"><\/i><time datetime=\"2021-11-29\">2021-11-29<\/time><\/span><\/div><\/div><div class=\"eael-entry-content\">\n                                <div class=\"eael-grid-post-excerpt\"><p>Szanowni Pa\u0144stwo, zapraszamy do udzia\u0142u w Og\u00f3lnopolskiej Konferencj Naukowej Nowe...<\/p><a href=\"https:\/\/ip2.uek.krakow.pl\/kpgppp\/2021\/11\/29\/ogolnopolska-konferencja-naukowa-nowe-technologie-na-rynku-finansowym-szanse-i-zagrozenia-dla-jego-uczestnikow\/\" class=\"eael-post-elements-readmore-btn\">Czytaj wi\u0119cej  \u2013&gt;<\/a><\/div>\n                            <\/div><\/div><\/div>\n    <\/div>\n<\/article><\/div>\n            <div class=\"clearfix\"><\/div>\n        <\/div>\t\t\t\t<\/div>\n\t\t\t\t<\/div>\n\t\t\t\t\t<\/div>\n\t\t<\/div>\n\t\t\t\t\t<\/div>\n\t\t<\/section>\n\t\t\t\t<\/div>\n\t\t","protected":false},"excerpt":{"rendered":"<p>Przyk\u0142adowy wpis 2023-02-13 Lorem ipsum dolor sit amet, consectetur adipiscing elit, sed do&#8230; Czytaj wi\u0119cej \u2013&gt;<\/p>\n","protected":false},"author":1,"featured_media":0,"parent":0,"menu_order":0,"comment_status":"closed","ping_status":"closed","template":"elementor_header_footer","meta":{"footnotes":""},"class_list":["post-100","page","type-page","status-publish","hentry"],"_links":{"self":[{"href":"https:\/\/ip2.uek.krakow.pl\/kpgppp\/wp-json\/wp\/v2\/pages\/100","targetHints":{"allow":["GET"]}}],"collection":[{"href":"https:\/\/ip2.uek.krakow.pl\/kpgppp\/wp-json\/wp\/v2\/pages"}],"about":[{"href":"https:\/\/ip2.uek.krakow.pl\/kpgppp\/wp-json\/wp\/v2\/types\/page"}],"author":[{"embeddable":true,"href":"https:\/\/ip2.uek.krakow.pl\/kpgppp\/wp-json\/wp\/v2\/users\/1"}],"replies":[{"embeddable":true,"href":"https:\/\/ip2.uek.krakow.pl\/kpgppp\/wp-json\/wp\/v2\/comments?post=100"}],"version-history":[{"count":3,"href":"https:\/\/ip2.uek.krakow.pl\/kpgppp\/wp-json\/wp\/v2\/pages\/100\/revisions"}],"predecessor-version":[{"id":1213,"href":"https:\/\/ip2.uek.krakow.pl\/kpgppp\/wp-json\/wp\/v2\/pages\/100\/revisions\/1213"}],"wp:attachment":[{"href":"https:\/\/ip2.uek.krakow.pl\/kpgppp\/wp-json\/wp\/v2\/media?parent=100"}],"curies":[{"name":"wp","href":"https:\/\/api.w.org\/{rel}","templated":true}]}}